{"id":12,"date":"2019-11-16T08:51:02","date_gmt":"2019-11-16T06:51:02","guid":{"rendered":"https:\/\/pgdbegunje.si\/?page_id=12"},"modified":"2025-02-17T11:47:04","modified_gmt":"2025-02-17T10:47:04","slug":"o-drustvu","status":"publish","type":"page","link":"https:\/\/pgdbegunje.si\/?page_id=12","title":{"rendered":"O DRU\u0160TVU"},"content":{"rendered":"\n<p><strong>KONTAKT<\/strong><br>Begunje 25, 1382 Begunje pri Cerknici<br>pgd.begunje@gmail.com<br>predsednica Otoni\u010dar Klara 031\/218-114<br>poveljnik Kranjec Janez 031\/680-023<\/p>\n\n\n\n<p><strong>OSNOVNI PODATKI<\/strong><br>mati\u010dna \u0161tevilka 5121965<br>dav\u010dna \u0161tevilka 86589989<br>IBAN \u0161tevilka transakcijskega ra\u010duna SI56 0202 9001 3959 178, NLB<br>ustanovljeno leta 1922<\/p>\n\n\n\n<p><strong>\u010cLANSTVO<\/strong><br><em><sub>podatki z dne 17.2.2025<\/sub><\/em><br>\u0161tevilo \u010dlanov 164<\/p>\n\n\n\n<p><strong>OPERATIVNI PODATKI<\/strong><br>II kategorija GE<br>Gasilska zveza Cerknica, vstop leta 1955<br>osrednje dru\u0161tvo v sektorju Begunje<br>Primarno delovanje na obmo\u010dju naselji: Begunje, Sel\u0161\u010dek, Topol, Brezje, Podslivnica, Otonica in Mahneti.<br>Ustanovitev dru\u0161tva leta 1922<\/p>\n\n\n\n<p><strong>VOZILA<\/strong><br>Mercedes-Benz 410, GVV-1, leto izdelave 1999<br>Renault Midlum 4&#215;4 D13, GVC 16\/25, leto izdelave 2015<br>Ford Transit Custom, GVM, leto izdelave 2023<\/p>\n\n\n\n<p><strong>NAJEM DVORANE, VRTNIH GARNITUR<\/strong><br>Za najem dvorane ali vrtnih garnitur, kontaktirajte gospodarja dru\u0161tva, Meden Janko 040\/559-009. <a href=\"https:\/\/pgdbegunje.si\/wp-content\/uploads\/2024\/01\/PRAVILNIK-O-NAJEMU-DVORANE-IN-GASILSKIH-KLOPEH-2024-ostali-%E2%80%93-za-objavo.pdf\">Pravilnik o najemu (PDF)<\/a>.<\/p>\n","protected":false},"excerpt":{"rendered":"<p>KONTAKTBegunje 25, 1382 Begunje pri Cerknicipgd.begunje@gmail.compredsednica Otoni\u010dar Klara 031\/218-114poveljnik Kranjec Janez 031\/680-023 OSNOVNI PODATKImati\u010dna \u0161tevilka&#8230;<\/p>\n","protected":false},"author":4,"featured_media":0,"parent":0,"menu_order":0,"comment_status":"closed","ping_status":"closed","template":"","meta":{"footnotes":""},"class_list":["post-12","page","type-page","status-publish","hentry"],"_links":{"self":[{"href":"https:\/\/pgdbegunje.si\/index.php?rest_route=\/wp\/v2\/pages\/12","targetHints":{"allow":["GET"]}}],"collection":[{"href":"https:\/\/pgdbegunje.si\/index.php?rest_route=\/wp\/v2\/pages"}],"about":[{"href":"https:\/\/pgdbegunje.si\/index.php?rest_route=\/wp\/v2\/types\/page"}],"author":[{"embeddable":true,"href":"https:\/\/pgdbegunje.si\/index.php?rest_route=\/wp\/v2\/users\/4"}],"replies":[{"embeddable":true,"href":"https:\/\/pgdbegunje.si\/index.php?rest_route=%2Fwp%2Fv2%2Fcomments&post=12"}],"version-history":[{"count":47,"href":"https:\/\/pgdbegunje.si\/index.php?rest_route=\/wp\/v2\/pages\/12\/revisions"}],"predecessor-version":[{"id":2122,"href":"https:\/\/pgdbegunje.si\/index.php?rest_route=\/wp\/v2\/pages\/12\/revisions\/2122"}],"wp:attachment":[{"href":"https:\/\/pgdbegunje.si\/index.php?rest_route=%2Fwp%2Fv2%2Fmedia&parent=12"}],"curies":[{"name":"wp","href":"https:\/\/api.w.org\/{rel}","templated":true}]}}